{"id":5050,"date":"2025-01-04T13:10:40","date_gmt":"2025-01-04T12:10:40","guid":{"rendered":"https:\/\/bacchini.net\/masnew_z\/?page_id=5050"},"modified":"2025-02-20T23:53:00","modified_gmt":"2025-02-20T22:53:00","slug":"jury-of-the-15th-competition","status":"publish","type":"page","link":"https:\/\/associazionemusicalemassarosa.eu\/?page_id=5050","title":{"rendered":"Jury of the 15th competition"},"content":{"rendered":"<p><\/p>\n<table style=\"border-collapse: collapse; width: 100%; height: 2434px;\">\n<tbody>\n<tr style=\"height: 447px;\">\n<td style=\"width: 100%; height: 447px;\"><span style=\"font-size: 16px;\"><span style=\"font-family: arial, helvetica, sans-serif; font-size: 14pt;\"><span style=\"font-size: 14pt;\"><strong><img loading=\"lazy\" decoding=\"async\" class=\"wp-image-3988 alignleft\" src=\"https:\/\/bacchini.net\/masnew_z\/wp-content\/uploads\/2023\/03\/vacchi.jpg\" alt=\"\" width=\"216\" height=\"325\" srcset=\"https:\/\/associazionemusicalemassarosa.eu\/wp-content\/uploads\/2023\/03\/vacchi.jpg 533w, https:\/\/associazionemusicalemassarosa.eu\/wp-content\/uploads\/2023\/03\/vacchi-200x300.jpg 200w\" sizes=\"auto, (max-width: 216px) 100vw, 216px\" \/>Fabio Vacchi, president<br \/>\n<\/strong><span style=\"color: #000000; font-family: arial, helvetica, sans-serif; font-size: medium;\"><span style=\"font-size: 12pt;\">Fabio Vacchi was born in Bologna (19 February 1949). In 1974 he took part in the Berkshire Music Center courses in Tanglewood (USA), where he won the Koussewitzky Prize for composition. In 1976 he won first prize at the Gaudeamus competition in Holland for his Les soupirs de Genevi\u00e8ve for 11 solo strings. He has written a number of operas including: Girotondo, after Schnitzler (1982, Maggio Musicale, Florence); La Station thermale, commissioned by the Op\u00e9ra de Lyon (1993, with revivals in 1994 and 1995) and later staged at La Scala in Milan (1995) and at the Op\u00e9ra Comique in Paris <\/span><span style=\"font-size: 12pt;\">&#8230; <a href=\"https:\/\/bacchini.net\/masnew_z\/?page_id=4003\">read more<\/a><\/span><\/span><\/span><\/span><\/span><\/td>\n<\/tr>\n<tr style=\"height: 397px;\">\n<td style=\"width: 100%; height: 397px;\"><span style=\"font-size: 16px;\"><span style=\"font-family: arial, helvetica, sans-serif; font-size: 14pt;\"><strong><img loading=\"lazy\" decoding=\"async\" class=\" wp-image-5052 alignleft\" src=\"https:\/\/bacchini.net\/masnew_z\/wp-content\/uploads\/2025\/01\/antonioli.png\" alt=\"\" width=\"221\" height=\"221\" srcset=\"https:\/\/associazionemusicalemassarosa.eu\/wp-content\/uploads\/2025\/01\/antonioli.png 312w, https:\/\/associazionemusicalemassarosa.eu\/wp-content\/uploads\/2025\/01\/antonioli-300x300.png 300w, https:\/\/associazionemusicalemassarosa.eu\/wp-content\/uploads\/2025\/01\/antonioli-150x150.png 150w\" sizes=\"auto, (max-width: 221px) 100vw, 221px\" \/>Jean Francois Antonioli<br \/>\n<\/strong><span style=\"font-size: 12pt;\">Swiss pianist of Italian origin, was born in Lausanne, Switzerland, in 1959. He studied with Fausto Zadra, (Scaramuzza\u2019s pupil) and 3 years with Pierre Sancan in Paris. Together with these key teachers in his development, two other encounters had a crucial impact on the rest of his life: Bruno Seidlhofer, (Vienna) and Carlo Zecchi (Rome), himself a disciple of Busoni and Schnabel, who will inspire Antonioli to play the 21 Mozart piano concerti<a href=\"https:\/\/bacchini.net\/masnew_z\/?page_id=3485\"><em>&#8230;.read more<\/em><\/a><\/span><\/span><\/span><\/td>\n<\/tr>\n<tr style=\"height: 381px;\">\n<td style=\"width: 100%; height: 381px;\">\n<p><span style=\"font-size: 16px;\"><span style=\"font-size: 14pt;\"><strong><img loading=\"lazy\" decoding=\"async\" class=\"wp-image-4563 alignleft\" src=\"https:\/\/bacchini.net\/masnew_z\/wp-content\/uploads\/2024\/01\/campanella.jpg\" alt=\"\" width=\"215\" height=\"258\" srcset=\"https:\/\/associazionemusicalemassarosa.eu\/wp-content\/uploads\/2024\/01\/campanella.jpg 502w, https:\/\/associazionemusicalemassarosa.eu\/wp-content\/uploads\/2024\/01\/campanella-250x300.jpg 250w\" sizes=\"auto, (max-width: 215px) 100vw, 215px\" \/>Michele Campanella<br \/>\n<\/strong><\/span><span style=\"font-family: arial, helvetica, sans-serif;\">Internationally acclaimed as one of the major virtuoso interpreters of Liszt, three-time winner of the Grand Prix du Disque awarded by the prestigious Franz Liszt Academy in Budapest (1976, 1977 and 1998), the latter for his recording \u201cFranz Liszt-The Great Transcriptions, I-II\u201d (Philips), Michele Campanella has interpreted in over 45 years of career most of the major piano repertoire. He has been awarded the \u201cLiszt high merit\u201d medal by the Hungarian government in 1986 and the American Liszt Society Medal in 2002. <a href=\"https:\/\/bacchini.net\/masnew_z\/?page_id=4573\">.<span style=\"color: #993300; font-size: medium;\"> &#8230; read more<\/span><\/a><\/span><strong><br \/>\n<\/strong><\/span><\/p>\n<\/td>\n<\/tr>\n<tr style=\"height: 222px;\">\n<td style=\"width: 100%; height: 222px;\">\n<p><span style=\"font-family: arial, helvetica, sans-serif; font-size: 14pt;\"><strong><span style=\"font-size: 14pt;\"><img loading=\"lazy\" decoding=\"async\" class=\" wp-image-5059 alignleft\" src=\"https:\/\/bacchini.net\/masnew_z\/wp-content\/uploads\/2025\/01\/eigeldinger.png\" alt=\"\" width=\"218\" height=\"218\" srcset=\"https:\/\/associazionemusicalemassarosa.eu\/wp-content\/uploads\/2025\/01\/eigeldinger.png 312w, https:\/\/associazionemusicalemassarosa.eu\/wp-content\/uploads\/2025\/01\/eigeldinger-300x300.png 300w, https:\/\/associazionemusicalemassarosa.eu\/wp-content\/uploads\/2025\/01\/eigeldinger-150x150.png 150w\" sizes=\"auto, (max-width: 218px) 100vw, 218px\" \/>Jean Jacques Eigeldinger<br \/>\n<\/span><\/strong><\/span><span style=\"font-size: 12pt; font-family: arial, helvetica, sans-serif;\">Born in Neuch\u00e2tel, Eigeldinger studied at the University of Neuch\u00e2tel, the Sorbonne and the Conservatoire de Musique de Gen\u00e8ve.<\/span><br \/>\n<span style=\"font-size: 12pt; font-family: arial, helvetica, sans-serif;\">From 1976 to 1981 he taught at the Jacques-Dalcroze Institute in Geneva and from 1978 to 1983 at the Conservatoire de musique de Gen\u00e8ve. He also taught as a guest lecturer at the \u00c9cole normale sup\u00e9rieure in Paris and at the Universit\u00e9 Laval in Quebec City. He is a retired professor at the University of Geneva, where he has worked since 1981. He was one of the founders of the Swiss Musicological Society and long-serving editor-in-chief of the Revue musicale in Romansh-speaking Switzerland<\/span>.<span style=\"font-size: 12pt;\">.<span style=\"font-size: 12pt; font-family: arial, helvetica, sans-serif;\">.<a href=\"https:\/\/bacchini.net\/masnew_z\/?page_id=5067\">.<em>..read more<\/em><\/a><\/span><\/span><\/p>\n<\/td>\n<\/tr>\n<tr style=\"height: 368px;\">\n<td style=\"height: 368px;\">\n<p><span style=\"font-size: 16px;\"><span style=\"font-family: arial, helvetica, sans-serif;\"><span style=\"font-size: medium;\"><span lang=\"en-GB\"><span style=\"font-size: 14pt;\"><img loading=\"lazy\" decoding=\"async\" class=\"wp-image-4568 alignleft\" src=\"https:\/\/bacchini.net\/masnew_z\/wp-content\/uploads\/2024\/01\/gamba.jpg\" alt=\"\" width=\"213\" height=\"254\"><\/span><\/span><\/span><\/span><\/span><\/p>\n<p><span style=\"font-size: 12pt;\"><span style=\"font-family: arial, helvetica, sans-serif;\"><span lang=\"en-GB\"><strong>Michele Gamba<br \/>\n<\/strong><\/span><\/span><span style=\"font-family: arial, helvetica, sans-serif;\"><span lang=\"en-GB\">Now considered as one of the most eclectic interpreter of recent years, Michele Gamba had his debut at Covent Garden Linbury Theatre conducting Mozart Bastien und Bastienne and a staged version of Berios&#8217;s Folk Songs. He then appeared at the Berlin State Opera for a new production of Le nozze di Figaro directed by J\u00fcrgen Flimm, gaining great success from the audience and critic alike<span style=\"font-size: 12pt; font-family: arial, helvetica, sans-serif;\">..<a href=\"https:\/\/bacchini.net\/masnew_z\/?page_id=4580\">.<em>..read more<\/em><\/a><\/span><\/span><\/span><\/span><\/p>\n<\/td>\n<\/tr>\n<tr style=\"height: 389px;\">\n<td style=\"width: 100%; height: 389px;\"><img loading=\"lazy\" decoding=\"async\" class=\"alignleft wp-image-4566\" src=\"https:\/\/bacchini.net\/masnew_z\/wp-content\/uploads\/2024\/01\/kravtchenko.jpg\" alt=\"\" width=\"212\" height=\"269\" srcset=\"https:\/\/associazionemusicalemassarosa.eu\/wp-content\/uploads\/2024\/01\/kravtchenko.jpg 251w, https:\/\/associazionemusicalemassarosa.eu\/wp-content\/uploads\/2024\/01\/kravtchenko-237x300.jpg 237w\" sizes=\"auto, (max-width: 212px) 100vw, 212px\" \/><span style=\"font-size: 14pt;\"><strong>Anna Kravtchenko<\/strong><\/span><br \/>\n<span style=\"font-size: 12pt; font-family: arial, helvetica, sans-serif;\">In 1992,Anna Kravtchenko was awarded first prize and prize of the public at the International \u201c Feruccio Busoni\u201dpiano competition (the first prize hadn\u2019t been awarded in the five previous years).Harold C.Schonberg,who was a member of a jury writes in \u201cThe New York Times Magazine\u201d:\u201dHer radiant sound and poetical interpretations could sometimes reduce the audience to tears\u201d. Anna has <em>performed<\/em> at some of Europe\u2019s most important halls and events: Berlin Philarmonic Hall, Musikverein Big Hall in Vienna, Amsterdam Concertgebouw <a style=\"color: #993300;\" href=\"https:\/\/bacchini.net\/masnew_z\/?page_id=4584\"> &#8230; read more<\/a><\/span><\/td>\n<\/tr>\n<tr style=\"height: 230px;\">\n<td style=\"width: 100%; height: 230px;\">\n<p lang=\"fr-FR\" align=\"justify\"><img loading=\"lazy\" decoding=\"async\" class=\"wp-image-5053 alignleft\" src=\"https:\/\/bacchini.net\/masnew_z\/wp-content\/uploads\/2025\/01\/swann.png\" alt=\"\" width=\"223\" height=\"223\" srcset=\"https:\/\/associazionemusicalemassarosa.eu\/wp-content\/uploads\/2025\/01\/swann.png 312w, https:\/\/associazionemusicalemassarosa.eu\/wp-content\/uploads\/2025\/01\/swann-300x300.png 300w, https:\/\/associazionemusicalemassarosa.eu\/wp-content\/uploads\/2025\/01\/swann-150x150.png 150w\" sizes=\"auto, (max-width: 223px) 100vw, 223px\" \/><span style=\"font-size: 16px;\"><span style=\"font-size: 14pt;\"><strong>Jeffrey Swann <br \/>\n<\/strong><\/span><\/span><span style=\"font-size: 16px;\"><span style=\"font-size: 14pt;\"><span style=\"font-size: 12pt;\"><span style=\"font-family: arial, helvetica, sans-serif;\">Jeffrey Swann is the winner of numerous international piano competitions and prizes, including First Prize in the initial Dino Ciani Competition at La Scala, and Gold Medal at the Queen Elisabeth Competition in Brussels.<\/span><br \/>\n<span style=\"font-family: arial, helvetica, sans-serif;\">He has performed in recital and with orchestra all over the world&nbsp; and collaborated with conductors such as Chailly, Gatti, Macal, Chung, Schippers, Salonen, Slatkin and many others.<\/span><span style=\"font-size: 12pt; font-family: arial, helvetica, sans-serif;\">..<a href=\"https:\/\/bacchini.net\/masnew_z\/?page_id=5063\">.<em>..read more<\/em><\/a><\/span><\/span><\/span><\/span><\/p>\n<\/td>\n<\/tr>\n<\/tbody>\n<\/table>\n<p><\/p>","protected":false},"excerpt":{"rendered":"<p>Fabio Vacchi, president Fabio Vacchi was born in Bologna (19 February 1949). In 1974 he took part in the Berkshire Music Center courses in Tanglewood (USA), where he won the Koussewitzky Prize for composition. In 1976 he won first prize at the Gaudeamus competition in Holland for his Les soupirs de Genevi\u00e8ve for 11 solo &hellip; <a href=\"https:\/\/associazionemusicalemassarosa.eu\/?page_id=5050\" class=\"more-link\">Continue reading <span class=\"screen-reader-text\">Jury of the 15th competition<\/span> <span class=\"meta-nav\">&rarr;<\/span><\/a><\/p>\n","protected":false},"author":1,"featured_media":0,"parent":273,"menu_order":7,"comment_status":"open","ping_status":"closed","template":"","meta":{"ngg_post_thumbnail":0,"footnotes":"","_links_to":"","_links_to_target":""},"class_list":["post-5050","page","type-page","status-publish","hentry"],"_links":{"self":[{"href":"https:\/\/associazionemusicalemassarosa.eu\/index.php?rest_route=\/wp\/v2\/pages\/5050","targetHints":{"allow":["GET"]}}],"collection":[{"href":"https:\/\/associazionemusicalemassarosa.eu\/index.php?rest_route=\/wp\/v2\/pages"}],"about":[{"href":"https:\/\/associazionemusicalemassarosa.eu\/index.php?rest_route=\/wp\/v2\/types\/page"}],"author":[{"embeddable":true,"href":"https:\/\/associazionemusicalemassarosa.eu\/index.php?rest_route=\/wp\/v2\/users\/1"}],"replies":[{"embeddable":true,"href":"https:\/\/associazionemusicalemassarosa.eu\/index.php?rest_route=%2Fwp%2Fv2%2Fcomments&post=5050"}],"version-history":[{"count":2,"href":"https:\/\/associazionemusicalemassarosa.eu\/index.php?rest_route=\/wp\/v2\/pages\/5050\/revisions"}],"predecessor-version":[{"id":5147,"href":"https:\/\/associazionemusicalemassarosa.eu\/index.php?rest_route=\/wp\/v2\/pages\/5050\/revisions\/5147"}],"up":[{"embeddable":true,"href":"https:\/\/associazionemusicalemassarosa.eu\/index.php?rest_route=\/wp\/v2\/pages\/273"}],"wp:attachment":[{"href":"https:\/\/associazionemusicalemassarosa.eu\/index.php?rest_route=%2Fwp%2Fv2%2Fmedia&parent=5050"}],"curies":[{"name":"wp","href":"https:\/\/api.w.org\/{rel}","templated":true}]}}

<p></p>
<table style="border-collapse: collapse; width: 100%; height: 2434px;">
<tbody>
<tr style="height: 447px;">
<td style="width: 100%; height: 447px;"><span style="font-size: 16px;"><span style="font-family: arial, helvetica, sans-serif; font-size: 14pt;"><span style="font-size: 14pt;"><strong><img loading="lazy" decoding="async" class="wp-image-3988 alignleft" src="https://bacchini.net/masnew_z/wp-content/uploads/2023/03/vacchi.jpg" alt="" width="216" height="325" srcset="https://associazionemusicalemassarosa.eu/wp-content/uploads/2023/03/vacchi.jpg 533w, https://associazionemusicalemassarosa.eu/wp-content/uploads/2023/03/vacchi-200x300.jpg 200w" sizes="auto, (max-width: 216px) 100vw, 216px" />Fabio Vacchi, president<br />
</strong><span style="color: #000000; font-family: arial, helvetica, sans-serif; font-size: medium;"><span style="font-size: 12pt;">Fabio Vacchi was born in Bologna (19 February 1949). In 1974 he took part in the Berkshire Music Center courses in Tanglewood (USA), where he won the Koussewitzky Prize for composition. In 1976 he won first prize at the Gaudeamus competition in Holland for his Les soupirs de Geneviève for 11 solo strings. He has written a number of operas including: Girotondo, after Schnitzler (1982, Maggio Musicale, Florence); La Station thermale, commissioned by the Opéra de Lyon (1993, with revivals in 1994 and 1995) and later staged at La Scala in Milan (1995) and at the Opéra Comique in Paris </span><span style="font-size: 12pt;">&#8230; <a href="https://bacchini.net/masnew_z/?page_id=4003">read more</a></span></span></span></span></span></td>
</tr>
<tr style="height: 397px;">
<td style="width: 100%; height: 397px;"><span style="font-size: 16px;"><span style="font-family: arial, helvetica, sans-serif; font-size: 14pt;"><strong><img loading="lazy" decoding="async" class=" wp-image-5052 alignleft" src="https://bacchini.net/masnew_z/wp-content/uploads/2025/01/antonioli.png" alt="" width="221" height="221" srcset="https://associazionemusicalemassarosa.eu/wp-content/uploads/2025/01/antonioli.png 312w, https://associazionemusicalemassarosa.eu/wp-content/uploads/2025/01/antonioli-300x300.png 300w, https://associazionemusicalemassarosa.eu/wp-content/uploads/2025/01/antonioli-150x150.png 150w" sizes="auto, (max-width: 221px) 100vw, 221px" />Jean Francois Antonioli<br />
</strong><span style="font-size: 12pt;">Swiss pianist of Italian origin, was born in Lausanne, Switzerland, in 1959. He studied with Fausto Zadra, (Scaramuzza’s pupil) and 3 years with Pierre Sancan in Paris. Together with these key teachers in his development, two other encounters had a crucial impact on the rest of his life: Bruno Seidlhofer, (Vienna) and Carlo Zecchi (Rome), himself a disciple of Busoni and Schnabel, who will inspire Antonioli to play the 21 Mozart piano concerti<a href="https://bacchini.net/masnew_z/?page_id=3485"><em>&#8230;.read more</em></a></span></span></span></td>
</tr>
<tr style="height: 381px;">
<td style="width: 100%; height: 381px;">
<p><span style="font-size: 16px;"><span style="font-size: 14pt;"><strong><img loading="lazy" decoding="async" class="wp-image-4563 alignleft" src="https://bacchini.net/masnew_z/wp-content/uploads/2024/01/campanella.jpg" alt="" width="215" height="258" srcset="https://associazionemusicalemassarosa.eu/wp-content/uploads/2024/01/campanella.jpg 502w, https://associazionemusicalemassarosa.eu/wp-content/uploads/2024/01/campanella-250x300.jpg 250w" sizes="auto, (max-width: 215px) 100vw, 215px" />Michele Campanella<br />
</strong></span><span style="font-family: arial, helvetica, sans-serif;">Internationally acclaimed as one of the major virtuoso interpreters of Liszt, three-time winner of the Grand Prix du Disque awarded by the prestigious Franz Liszt Academy in Budapest (1976, 1977 and 1998), the latter for his recording “Franz Liszt-The Great Transcriptions, I-II” (Philips), Michele Campanella has interpreted in over 45 years of career most of the major piano repertoire. He has been awarded the “Liszt high merit” medal by the Hungarian government in 1986 and the American Liszt Society Medal in 2002. <a href="https://bacchini.net/masnew_z/?page_id=4573">.<span style="color: #993300; font-size: medium;"> &#8230; read more</span></a></span><strong><br />
</strong></span></p>
</td>
</tr>
<tr style="height: 222px;">
<td style="width: 100%; height: 222px;">
<p><span style="font-family: arial, helvetica, sans-serif; font-size: 14pt;"><strong><span style="font-size: 14pt;"><img loading="lazy" decoding="async" class=" wp-image-5059 alignleft" src="https://bacchini.net/masnew_z/wp-content/uploads/2025/01/eigeldinger.png" alt="" width="218" height="218" srcset="https://associazionemusicalemassarosa.eu/wp-content/uploads/2025/01/eigeldinger.png 312w, https://associazionemusicalemassarosa.eu/wp-content/uploads/2025/01/eigeldinger-300x300.png 300w, https://associazionemusicalemassarosa.eu/wp-content/uploads/2025/01/eigeldinger-150x150.png 150w" sizes="auto, (max-width: 218px) 100vw, 218px" />Jean Jacques Eigeldinger<br />
</span></strong></span><span style="font-size: 12pt; font-family: arial, helvetica, sans-serif;">Born in Neuchâtel, Eigeldinger studied at the University of Neuchâtel, the Sorbonne and the Conservatoire de Musique de Genève.</span><br />
<span style="font-size: 12pt; font-family: arial, helvetica, sans-serif;">From 1976 to 1981 he taught at the Jacques-Dalcroze Institute in Geneva and from 1978 to 1983 at the Conservatoire de musique de Genève. He also taught as a guest lecturer at the École normale supérieure in Paris and at the Université Laval in Quebec City. He is a retired professor at the University of Geneva, where he has worked since 1981. He was one of the founders of the Swiss Musicological Society and long-serving editor-in-chief of the Revue musicale in Romansh-speaking Switzerland</span>.<span style="font-size: 12pt;">.<span style="font-size: 12pt; font-family: arial, helvetica, sans-serif;">.<a href="https://bacchini.net/masnew_z/?page_id=5067">.<em>..read more</em></a></span></span></p>
</td>
</tr>
<tr style="height: 368px;">
<td style="height: 368px;">
<p><span style="font-size: 16px;"><span style="font-family: arial, helvetica, sans-serif;"><span style="font-size: medium;"><span lang="en-GB"><span style="font-size: 14pt;"><img loading="lazy" decoding="async" class="wp-image-4568 alignleft" src="https://bacchini.net/masnew_z/wp-content/uploads/2024/01/gamba.jpg" alt="" width="213" height="254"></span></span></span></span></span></p>
<p><span style="font-size: 12pt;"><span style="font-family: arial, helvetica, sans-serif;"><span lang="en-GB"><strong>Michele Gamba<br />
</strong></span></span><span style="font-family: arial, helvetica, sans-serif;"><span lang="en-GB">Now considered as one of the most eclectic interpreter of recent years, Michele Gamba had his debut at Covent Garden Linbury Theatre conducting Mozart Bastien und Bastienne and a staged version of Berios&#8217;s Folk Songs. He then appeared at the Berlin State Opera for a new production of Le nozze di Figaro directed by Jürgen Flimm, gaining great success from the audience and critic alike<span style="font-size: 12pt; font-family: arial, helvetica, sans-serif;">..<a href="https://bacchini.net/masnew_z/?page_id=4580">.<em>..read more</em></a></span></span></span></span></p>
</td>
</tr>
<tr style="height: 389px;">
<td style="width: 100%; height: 389px;"><img loading="lazy" decoding="async" class="alignleft wp-image-4566" src="https://bacchini.net/masnew_z/wp-content/uploads/2024/01/kravtchenko.jpg" alt="" width="212" height="269" srcset="https://associazionemusicalemassarosa.eu/wp-content/uploads/2024/01/kravtchenko.jpg 251w, https://associazionemusicalemassarosa.eu/wp-content/uploads/2024/01/kravtchenko-237x300.jpg 237w" sizes="auto, (max-width: 212px) 100vw, 212px" /><span style="font-size: 14pt;"><strong>Anna Kravtchenko</strong></span><br />
<span style="font-size: 12pt; font-family: arial, helvetica, sans-serif;">In 1992,Anna Kravtchenko was awarded first prize and prize of the public at the International “ Feruccio Busoni”piano competition (the first prize hadn’t been awarded in the five previous years).Harold C.Schonberg,who was a member of a jury writes in “The New York Times Magazine”:”Her radiant sound and poetical interpretations could sometimes reduce the audience to tears”. Anna has <em>performed</em> at some of Europe’s most important halls and events: Berlin Philarmonic Hall, Musikverein Big Hall in Vienna, Amsterdam Concertgebouw <a style="color: #993300;" href="https://bacchini.net/masnew_z/?page_id=4584"> &#8230; read more</a></span></td>
</tr>
<tr style="height: 230px;">
<td style="width: 100%; height: 230px;">
<p lang="fr-FR" align="justify"><img loading="lazy" decoding="async" class="wp-image-5053 alignleft" src="https://bacchini.net/masnew_z/wp-content/uploads/2025/01/swann.png" alt="" width="223" height="223" srcset="https://associazionemusicalemassarosa.eu/wp-content/uploads/2025/01/swann.png 312w, https://associazionemusicalemassarosa.eu/wp-content/uploads/2025/01/swann-300x300.png 300w, https://associazionemusicalemassarosa.eu/wp-content/uploads/2025/01/swann-150x150.png 150w" sizes="auto, (max-width: 223px) 100vw, 223px" /><span style="font-size: 16px;"><span style="font-size: 14pt;"><strong>Jeffrey Swann <br />
</strong></span></span><span style="font-size: 16px;"><span style="font-size: 14pt;"><span style="font-size: 12pt;"><span style="font-family: arial, helvetica, sans-serif;">Jeffrey Swann is the winner of numerous international piano competitions and prizes, including First Prize in the initial Dino Ciani Competition at La Scala, and Gold Medal at the Queen Elisabeth Competition in Brussels.</span><br />
<span style="font-family: arial, helvetica, sans-serif;">He has performed in recital and with orchestra all over the world&nbsp; and collaborated with conductors such as Chailly, Gatti, Macal, Chung, Schippers, Salonen, Slatkin and many others.</span><span style="font-size: 12pt; font-family: arial, helvetica, sans-serif;">..<a href="https://bacchini.net/masnew_z/?page_id=5063">.<em>..read more</em></a></span></span></span></span></p>
</td>
</tr>
</tbody>
</table>
<p></p>

<p>Fabio Vacchi, president Fabio Vacchi was born in Bologna (19 February 1949). In 1974 he took part in the Berkshire Music Center courses in Tanglewood (USA), where he won the Koussewitzky Prize for composition. In 1976 he won first prize at the Gaudeamus competition in Holland for his Les soupirs de Geneviève for 11 solo &hellip; <a href="https://associazionemusicalemassarosa.eu/?page_id=5050" class="more-link">Continue reading <span class="screen-reader-text">Jury of the 15th competition</span> <span class="meta-nav">&rarr;</span></a></p>
